(-3)?
6
Suppose 0 = 2*t - t + 3*x - 15, -26 = -2*t - 4*x. Suppose -t*f - 14 = -32. Suppose 0 = 2*j + 5*u - 4*u - 106, 0 = 2*j - f*u - 106. What is the tens digit of j?
5
What is the hundreds digit of (-29608227)/(-2475) + 1*(-2)/(-25)?
9
Let n(p) = -p**3 + 2*p**2 + p - 8. Let k = -48 + 52. Let q be n(k). Let z = 61 - q. What is the tens digit of z?
9
Let r = 8553 + -5556. What is the thousands digit of r?
2
Let q be 32*26*2/(-4). Let a = 668 + q. What is the units digit of a?
2
Let i be (-34 + -8)/((-3)/(-14)). Let c = i + 858. What is the units digit of c?
2
Suppose m + 1054 = 3*m. Suppose m = 6*l - 25. Suppose -3*v + 177 = 4*z, 3*z - 27 - l = -2*v. What is the tens digit of v?
5
Let o(d) = d**2 - 6*d - 9. Let f be o(7). Let g = 8 + -14. What is the tens digit of g/f - 208/(-4)?
5
Let r(k) = k - 8. Let j be r(5). Let c be (-3 + -1)*(j + 2). Suppose -c*w + 70 + 6 = 0. What is the units digit of w?
9
Let s(l) = 31*l - 301. What is the thousands digit of s(61)?
1
Suppose -386*i + 409584 = -340*i. What is the tens digit of i?
0
Suppose 3*v - 23*x + 22*x = 76081, -2*x - 101446 = -4*v. What is the tens digit of v?
5
Suppose -10*w + 5*w + 15 = 0. Let t be (16/(-40))/(w/(-15)). Suppose t*q + 6 = 30. What is the tens digit of q?
1
Let p(s) = s**3 + 69*s**2 - 75*s + 21. What is the tens digit of p(-70)?
7
Let u = 27 - 25. Let d be u/3 - (26/(-6) - -5). Suppose d = 7*b - 2*b - 180. What is the tens digit of b?
3
Suppose 7 = -3*y + 2*c - c, 3*c - 12 = 0. What is the units digit of ((-88)/(-44))/(y*(-1)/343)?
6
Let u = -10 - -14. Suppose 5*z + u*k + 14 = 7*z, 18 = 4*z - 3*k. What is the units digit of z/5 - (-4)/(140/1659)?
8
Suppose -46*a = -45*a - 10. Suppose 48 + 352 = a*u. What is the units digit of u?
0
Let y(t) = -75*t + 1. Let g be y(1). Let h = g + 81. Suppose h*a = 186 + 101. What is the units digit of a?
1
Let k(v) = 9*v**3 - v**2 - v - 5. Let w be k(3). Suppose w*n - 228*n = -8. Suppose n*y = 3*g - 125, 85 = 3*g + 4*y - 0*y. What is the units digit of g?
5
Suppose 2*k = t + 20662, -222*k + 217*k = -3*t - 51657. What is the thousands digit of k?
0
Suppose 0 = -3*r - 5*o + 2487, -4185 = -0*r - 5*r + 5*o. Suppose 7*c - r = c. Suppose -c - 881 = -15*p. What is the units digit of p?
8
Let h(o) = 47*o**2 + 75*o - 43. What is the thousands digit of h(15)?
1
Let w be 6 + -68 - (-4 - -3). Let g = -1 - w. What is the tens digit of g?
6
What is the units digit of (5486 - 8) + 0 + 15?
3
Suppose 100*t - 96*t = 6404. Suppose -6*l - t = -8417. What is the tens digit of l?
3
Let i(a) = 65*a**2 - 29*a - 12. Let d be i(-6). Let l = d + -1784. What is the units digit of l?
8
Suppose -1744*l = -1724*l + 20. Let v = 106 - 151. What is the tens digit of 28/l*v/18?
7
What is the units digit of (2701440/(-392))/(24/(-112))?
0
Suppose 554 = -2*y - 4*m, 5*m + 0 = 15. Let b = 1592 + y. What is the tens digit of b?
0
Let s be ((-2474)/4)/(30/(-60)). Let d = s - 614. What is the units digit of d?
3
Let g = -313 + 781. Let b = 126 + g. What is the hundreds digit of b?
5
Let k be (8697/(-26))/((-1)/10). Suppose 104*r = 99*r + k. What is the units digit of r?
9
What is the thousands digit of (2728/155)/((-1)/(-725)*1)?
2
Let t = 6158 + -3892. Suppose -t = -3*p + 1400. What is the thousands digit of p?
1
Suppose 15*i = -1096 + 16021. Suppose 0 = -3*w + 4*v + 4347, i + 6227 = 5*w + v. What is the hundreds digit of w?
4
What is the tens digit of 0 - (-14)/(-4) - -18*(-5526)/(-216)?
5
Suppose -3*l + 0*l + 3 = 0. Let c(i) = -237*i**2 + 9*i - 9. Let r(a) = 238*a**2 - 8*a + 8. Let f(o) = 5*c(o) + 6*r(o). What is the hundreds digit of f(l)?
2
Let f = -32 - 52. Let b = 87 + f. Suppose 9*p - 8*p + 5*m - 220 = 0, -9 = -b*m. What is the units digit of p?
5
Suppose -6*n - 34*n - 14*n = -440694. What is the tens digit of n?
6
Let v(p) = 16*p**2 + 10*p + 42. Suppose 3*a - 1 = 4*n, n = -0*a + 3*a + 11. What is the tens digit of v(a)?
9
Let a = -6832 - -12425. What is the hundreds digit of a?
5
What is the ten thousands digit of (3 + 10/(-4))/1 + 398196/24?
1
Let k be 1286/(-14) + (-16)/112. Let m = 135 + k. What is the units digit of m?
3
Let g = 3586 + 25229. What is the hundreds digit of g?
8
Let x(q) = 547*q + 18. What is the units digit of x(21)?
5
Suppose -18*u - 312 = 21*u. What is the tens digit of (u + 5)/((-9)/1959)?
5
Let v(s) = -266*s**3 - s**2 - 14*s - 27. Let m be v(-2). Let y = -1385 + m. What is the tens digit of y?
4
Suppose -3*w - 3*s - 18 = 0, 27 = -5*s + 2. Suppose 6*v = 3*v - 12. What is the units digit of -9*(-14 + v/w)?
0
Suppose 0 = 2*c + 4*h - 120110, -7*h + 8*h - 240227 = -4*c. What is the thousands digit of c?
0
Suppose 2*c - 16 = c. Suppose 0 = 52*l - 48*l + c. What is the units digit of (1 + (-94)/(-6))*(-6)/l?
5
Let b(m) = 654*m - 2264. What is the tens digit of b(28)?
4
Let a(f) = 2*f**3 - 57*f**2 + 29*f - 60. Let g(s) = -2*s**2 - 1. Let v(b) = -a(b) + 2*g(b). What is the thousands digit of v(25)?
1
Suppose -59*t + 1501560 = -23*t + 54*t. What is the hundreds digit of t?
6
Let c(y) = y. Let h(l) = -2*l - 309. Let w(m) = -3*c(m) - h(m). Let s be w(0). Suppose -6*p + 3*p = -s. What is the tens digit of p?
0
Let x be -55*2/(-15)*3. Let l(v) = 19*v - 83. What is the tens digit of l(x)?
3
Let v be (-1)/((-8)/2552*(1 + 0)). What is the tens digit of (-2 - v)*(-5)/3?
3
Let h(w) = 13*w**2 - 23*w + 4. Suppose 38 - 23 = -3*o. What is the hundreds digit of h(o)?
4
Let p(g) = 5 + 2*g - 1 + 8*g - 2*g - g**2. Let z be p(8). What is the hundreds digit of z + 106 + 1 - -4?
1
Let o(n) = -n**3 + 5*n**2 + 7*n + 1. Let k be o(-1). Suppose k = 8*i - 25 - 39. What is the units digit of i?
8
Suppose -4*s = -7*s + 9, 20333 = 2*u - 23*s. What is the units digit of u?
1
Suppose 2*k + 4*i - 104598 = 0, -45*i = -5*k - 52*i + 261519. What is the hundreds digit of k?
3
Let o(u) = 6*u + 8 - 6*u - 9*u. Suppose x + 2*f = 3*f - 16, -5*f - 16 = 3*x. What is the hundreds digit of o(x)?
1
Suppose -y = l - 48, 0 = 4*y + 4*l - 6*l - 174. Suppose 0 = -5*d - m - y + 11, 5*d = 4*m - 14. What is the units digit of d/42 + 687/7?
8
Let r(j) = -j**3 - 4*j**2 + j + 86. Let v = 70 - 70. What is the units digit of r(v)?
6
Let x be (17/34)/((-1)/(-3748)). Suppose 6*y - 3*p + x = 8*y, 3*y - 2826 = 3*p. What is the units digit of y?
0
Suppose -3*m + 1775 = -i - 1066, -4*i = -4*m + 3772. What is the tens digit of m?
4
Let t be 5/25*10/4*534. Let w = t - -698. What is the units digit of w?
5
Suppose 4*k = -4*f + 78785 + 26635, -3*k - 2*f = -79062. What is the hundreds digit of k?
3
What is the thousands digit of (183276/405*-9)/((-6)/105)?
1
Let a(w) = 20*w + 51. Let z(f) = -6*f - 1. Let g(y) = a(y) + 4*z(y). What is the tens digit of g(-27)?
5
Suppose 2 = 3*q - 10. Suppose 4*v - 3640 = -q*v. What is the tens digit of v?
5
Let x be (4 - 227) + 2 + 2. Let h = x - -151. Let k = h - -98. What is the units digit of k?
0
Let y(f) = 8*f - 24. Suppose -4*c - 3*z = -135 - 170, 3*c - 226 = -5*z. Let v = 81 - c. What is the units digit of y(v)?
8
What is the units digit of (-1032719)/(-174) - 7/12*(-4)/(-14)?
5
Let k(z) = -z**2 - 12*z - 10. Let f be k(-11). Let n be (f + -1)*15/(-45). Suppose -4*s = 2*l - 274, 0 = -n*l + 3*l - 3. What is the tens digit of s?
6
Let k be (-5 - -4)/1 + 1. Suppose -12*x + 175 + 257 = k. What is the tens digit of x?
3
Let m = 62611 + -37470. What is the hundreds digit of m?
1
Let v(a) = 2*a**3 + a**2 - a + 1. Let r(p) = 7*p**3 + 23*p**2 + 19*p + 9. Let l(y) = r(y) - 3*v(y). What is the hundreds digit of l(-18)?
2
Suppose 59677 = -8*p + 181077. What is the hundreds digit of p?
1
Suppose 0 = 39*v - 48*v + 14305 + 38507. What is the units digit of v?
8
Suppose -k = -21*k + 2*k. Suppose k = 74*x - 110*x + 15084. What is the hundreds digit of x?
4
Suppose 2*c - 2*m - 17906 = 0, 58397 - 13638 = 5*c + m. What is the thousands digit of c?
8
Let u(v) = 1809*v - 1025. What is the tens digit of u(13)?
9
Suppose 5*g + 426 = 25221. What is the thousands digit of g?
4
Let o be (72/(-28))/(1/7). Let n be (-22)/o - 1 - 24/108. What is the units digit of (n - -1)/(-7 + 8)?
1
Let j(t) = 61942*t**2 - 7*t - 11. What is the tens digit of j(-1)?
3
Let i be (-6)/51 - (-669)/51. Suppose -i*l - 4*g = -15*l + 1808, 2*g - 2712 = -3*l. What is the hundreds digit of l?
9
Let h(a) = a**3 - 6*a**2 + 6*a - 1. Let t be h(4)